{"id":18,"date":"2023-12-13T18:16:48","date_gmt":"2023-12-13T17:16:48","guid":{"rendered":"https:\/\/www.ekb-pcb.de\/?page_id=18"},"modified":"2024-10-17T16:57:55","modified_gmt":"2024-10-17T14:57:55","slug":"unser-team","status":"publish","type":"page","link":"https:\/\/www.ekb-pcb.de\/en\/unser-team\/","title":{"rendered":"Our Team"},"content":{"rendered":"<div data-elementor-type=\"wp-page\" data-elementor-id=\"18\" class=\"elementor elementor-18\" data-elementor-post-type=\"page\">\n\t\t\t\t<div class=\"elementor-element elementor-element-77c6329 e-flex e-con-boxed e-con e-parent\" data-id=\"77c6329\" data-element_type=\"container\" data-core-v316-plus=\"true\">\n\t\t\t\t\t<div class=\"e-con-inner\">\n\t\t\t\t<div class=\"elementor-element elementor-element-6ebac67 elementor-widget elementor-widget-text-editor\" data-id=\"6ebac67\" data-element_type=\"widget\" data-widget_type=\"text-editor.default\">\n\t\t\t\t<div class=\"elementor-widget-container\">\n\t\t\t<style>\/*! elementor - v3.20.0 - 20-03-2024 *\/\n.elementor-widget-text-editor.elementor-drop-cap-view-stacked .elementor-drop-cap{background-color:#69727d;color:#fff}.elementor-widget-text-editor.elementor-drop-cap-view-framed .elementor-drop-cap{color:#69727d;border:3px solid;background-color:transparent}.elementor-widget-text-editor:not(.elementor-drop-cap-view-default) .elementor-drop-cap{margin-top:8px}.elementor-widget-text-editor:not(.elementor-drop-cap-view-default) .elementor-drop-cap-letter{width:1em;height:1em}.elementor-widget-text-editor .elementor-drop-cap{float:left;text-align:center;line-height:1;font-size:50px}.elementor-widget-text-editor .elementor-drop-cap-letter{display:inline-block}<\/style>\t\t\t\t<h2>Our Team<\/h2><p>Der Verein Eltern-Kind-Br\u00fccke e.V. wurde von Adoptivfamilien gegr\u00fcndet, die bereits seit Jahren aktive Mitglieder im Adoptiv- und Pflegefamilienverein Heidelberg und Rhein-Neckar-Kreis waren. Bis auf eine Ausnahme hatten alle Mitglieder selbst aus dem Ausland adoptiert und verf\u00fcgen somit \u00fcber langj\u00e4hrige eigene Adoptions- und Auslandserfahrungen.<\/p><p>Ein gro\u00dfer Vorteil besteht darin, dass einige unserer Mitarbeiterinnen die Landessprache der Adoptivkinder beherrschen. Dies erleichtert nicht nur die Kommunikation mit dem Herkunftsland, sondern auch mit den Kindern selbst und unterst\u00fctzt die Adoptivfamilien w\u00e4hrend des gesamten Adoptionsprozesses und in der Begleitung danach.<\/p><p>\u00a0<\/p>\t\t\t\t\t\t<\/div>\n\t\t\t\t<\/div>\n\t\t\t\t\t<\/div>\n\t\t\t\t<\/div>\n\t\t<div class=\"elementor-element elementor-element-5267d56 e-flex e-con-boxed e-con e-parent\" data-id=\"5267d56\" data-element_type=\"container\" data-core-v316-plus=\"true\">\n\t\t\t\t\t<div class=\"e-con-inner\">\n\t\t<div class=\"elementor-element elementor-element-29ee43b e-con-full e-flex e-con e-child\" data-id=\"29ee43b\" data-element_type=\"container\">\n\t\t\t\t<div class=\"elementor-element elementor-element-3b7d1d7 elementor-widget elementor-widget-text-editor\" data-id=\"3b7d1d7\" data-element_type=\"widget\" data-widget_type=\"text-editor.default\">\n\t\t\t\t<div class=\"elementor-widget-container\">\n\t\t\t\t\t\t\t<p><strong>Unsere MitarbeiterInnen<\/strong><\/p><h6>Berit Haas\u00a0 \u00a0 \u00a0 \u00a0 \u00a0 \u00a0 \u00a0 \u00a0 \u00a0 \u00a0 \u00a0 <span style=\"color: #2b6bd4\"><em>Gesch\u00e4ftsf\u00fchrerin<\/em><\/span><\/h6><h6><span style=\"font-size: 1rem;text-align: var(--text-align);background-color: var( --e-global-color-d99024c )\">Helmut Haas\u00a0 \u00a0 \u00a0 \u00a0 \u00a0 \u00a0 \u00a0 \u00a0 \u00a0 \u00a0 \u00a0 \u00a0 \u00a0 \u00a0 \u00a0 \u00a0 \u00a0 <\/span><em><span style=\"color: #2b6bd4\">stellvertretender Vorsitzender<\/span><span style=\"font-size: 1rem;text-align: var(--text-align);background-color: var( --e-global-color-d99024c )\">\u00a0<\/span><\/em><\/h6><h6><span style=\"font-size: 1rem;text-align: var(--text-align);background-color: var( --e-global-color-d99024c )\">Anni Barth\u00a0 \u00a0 \u00a0 \u00a0 \u00a0 \u00a0 \u00a0 \u00a0<span style=\"color: #2b6bd4\"><em>\u00a0 \u00a0 \u00a0 \u00a0 \u00a0 \u00a0 \u00a0 \u00a0 <\/em><\/span><\/span><span style=\"color: #2b6bd4\"><em><span style=\"font-size: 1rem;text-align: var(--text-align);background-color: var( --e-global-color-d99024c )\">Sozialarbeiterin\u00a0<\/span><\/em><\/span><\/h6><h6>Elke YuanMann\u00a0 \u00a0 \u00a0 \u00a0 \u00a0 \u00a0 \u00a0 \u00a0 \u00a0 \u00a0 \u00a0 \u00a0 \u00a0 <span style=\"color: #2b6bd4\"><em>Fachkraft<\/em><\/span><\/h6><h6>Katja Heck\u00a0 \u00a0 \u00a0 \u00a0 \u00a0<span style=\"color: #2b6bd4\"><em> Verwaltungsangestellte<\/em><\/span><\/h6><h6>Sarah Haas\u00a0 \u00a0 \u00a0 \u00a0 \u00a0 \u00a0 <em><span style=\"color: #2b6bd4\">Verwaltungsangestellte<\/span><\/em><\/h6><h6>Praphakorn Lippert\u00a0 \u00a0 \u00a0 \u00a0 \u00a0 \u00a0 \u00a0 \u00a0 \u00a0 <span style=\"color: #2b6bd4\"><em>Fachkraft<\/em><\/span><\/h6>\t\t\t\t\t\t<\/div>\n\t\t\t\t<\/div>\n\t\t\t\t<\/div>\n\t\t<div class=\"elementor-element elementor-element-f4db8d1 e-con-full e-flex e-con e-child\" data-id=\"f4db8d1\" data-element_type=\"container\">\n\t\t\t\t<div class=\"elementor-element elementor-element-8fd016b elementor-widget elementor-widget-image\" data-id=\"8fd016b\" data-element_type=\"widget\" data-widget_type=\"image.default\">\n\t\t\t\t<div class=\"elementor-widget-container\">\n\t\t\t<style>\/*! elementor - v3.20.0 - 20-03-2024 *\/\n.elementor-widget-image{text-align:center}.elementor-widget-image a{display:inline-block}.elementor-widget-image a img[src$=\".svg\"]{width:48px}.elementor-widget-image img{vertical-align:middle;display:inline-block}<\/style>\t\t\t\t\t\t\t\t\t\t<img fetchpriority=\"high\" decoding=\"async\" width=\"800\" height=\"365\" src=\"https:\/\/www.ekb-pcb.de\/wp-content\/uploads\/2024\/10\/team-foto-neu-1024x467.jpg\" class=\"attachment-large size-large wp-image-3064\" alt=\"\" srcset=\"https:\/\/www.ekb-pcb.de\/wp-content\/uploads\/2024\/10\/team-foto-neu-1024x467.jpg 1024w, https:\/\/www.ekb-pcb.de\/wp-content\/uploads\/2024\/10\/team-foto-neu-300x137.jpg 300w, https:\/\/www.ekb-pcb.de\/wp-content\/uploads\/2024\/10\/team-foto-neu-768x350.jpg 768w, https:\/\/www.ekb-pcb.de\/wp-content\/uploads\/2024\/10\/team-foto-neu-1536x700.jpg 1536w, https:\/\/www.ekb-pcb.de\/wp-content\/uploads\/2024\/10\/team-foto-neu-2048x934.jpg 2048w, https:\/\/www.ekb-pcb.de\/wp-content\/uploads\/2024\/10\/team-foto-neu-18x8.jpg 18w\" sizes=\"(max-width: 800px) 100vw, 800px\" \/>\t\t\t\t\t\t\t\t\t\t\t\t\t<\/div>\n\t\t\t\t<\/div>\n\t\t\t\t<\/div>\n\t\t\t\t\t<\/div>\n\t\t\t\t<\/div>\n\t\t\t\t<\/div>","protected":false},"excerpt":{"rendered":"<p>Unser Team Der Verein Eltern-Kind-Br\u00fccke e.V. wurde von Adoptivfamilien gegr\u00fcndet, die bereits seit Jahren aktive Mitglieder im Adoptiv- und Pflegefamilienverein Heidelberg und Rhein-Neckar-Kreis waren. Bis auf eine Ausnahme hatten alle Mitglieder selbst aus dem Ausland adoptiert und verf\u00fcgen somit \u00fcber langj\u00e4hrige eigene Adoptions- und Auslandserfahrungen. Ein gro\u00dfer Vorteil besteht darin, dass einige unserer Mitarbeiterinnen die [&hellip;]<\/p>","protected":false},"author":1,"featured_media":0,"parent":0,"menu_order":0,"comment_status":"closed","ping_status":"closed","template":"","meta":{"footnotes":""},"class_list":["post-18","page","type-page","status-publish","hentry"],"_links":{"self":[{"href":"https:\/\/www.ekb-pcb.de\/en\/wp-json\/wp\/v2\/pages\/18","targetHints":{"allow":["GET"]}}],"collection":[{"href":"https:\/\/www.ekb-pcb.de\/en\/wp-json\/wp\/v2\/pages"}],"about":[{"href":"https:\/\/www.ekb-pcb.de\/en\/wp-json\/wp\/v2\/types\/page"}],"author":[{"embeddable":true,"href":"https:\/\/www.ekb-pcb.de\/en\/wp-json\/wp\/v2\/users\/1"}],"replies":[{"embeddable":true,"href":"https:\/\/www.ekb-pcb.de\/en\/wp-json\/wp\/v2\/comments?post=18"}],"version-history":[{"count":44,"href":"https:\/\/www.ekb-pcb.de\/en\/wp-json\/wp\/v2\/pages\/18\/revisions"}],"predecessor-version":[{"id":3075,"href":"https:\/\/www.ekb-pcb.de\/en\/wp-json\/wp\/v2\/pages\/18\/revisions\/3075"}],"wp:attachment":[{"href":"https:\/\/www.ekb-pcb.de\/en\/wp-json\/wp\/v2\/media?parent=18"}],"curies":[{"name":"wp","href":"https:\/\/api.w.org\/{rel}","templated":true}]}}

<div data-elementor-type="wp-page" data-elementor-id="18" class="elementor elementor-18" data-elementor-post-type="page">
				<div class="elementor-element elementor-element-77c6329 e-flex e-con-boxed e-con e-parent" data-id="77c6329" data-element_type="container" data-core-v316-plus="true">
					<div class="e-con-inner">
				<div class="elementor-element elementor-element-6ebac67 elementor-widget elementor-widget-text-editor" data-id="6ebac67" data-element_type="widget" data-widget_type="text-editor.default">
				<div class="elementor-widget-container">
			<style>/*! elementor - v3.20.0 - 20-03-2024 */
.elementor-widget-text-editor.elementor-drop-cap-view-stacked .elementor-drop-cap{background-color:#69727d;color:#fff}.elementor-widget-text-editor.elementor-drop-cap-view-framed .elementor-drop-cap{color:#69727d;border:3px solid;background-color:transparent}.elementor-widget-text-editor:not(.elementor-drop-cap-view-default) .elementor-drop-cap{margin-top:8px}.elementor-widget-text-editor:not(.elementor-drop-cap-view-default) .elementor-drop-cap-letter{width:1em;height:1em}.elementor-widget-text-editor .elementor-drop-cap{float:left;text-align:center;line-height:1;font-size:50px}.elementor-widget-text-editor .elementor-drop-cap-letter{display:inline-block}</style>				<h2>Our Team</h2><p>Der Verein Eltern-Kind-Brücke e.V. wurde von Adoptivfamilien gegründet, die bereits seit Jahren aktive Mitglieder im Adoptiv- und Pflegefamilienverein Heidelberg und Rhein-Neckar-Kreis waren. Bis auf eine Ausnahme hatten alle Mitglieder selbst aus dem Ausland adoptiert und verfügen somit über langjährige eigene Adoptions- und Auslandserfahrungen.</p><p>Ein großer Vorteil besteht darin, dass einige unserer Mitarbeiterinnen die Landessprache der Adoptivkinder beherrschen. Dies erleichtert nicht nur die Kommunikation mit dem Herkunftsland, sondern auch mit den Kindern selbst und unterstützt die Adoptivfamilien während des gesamten Adoptionsprozesses und in der Begleitung danach.</p><p> </p>						</div>
				</div>
					</div>
				</div>
		<div class="elementor-element elementor-element-5267d56 e-flex e-con-boxed e-con e-parent" data-id="5267d56" data-element_type="container" data-core-v316-plus="true">
					<div class="e-con-inner">
		<div class="elementor-element elementor-element-29ee43b e-con-full e-flex e-con e-child" data-id="29ee43b" data-element_type="container">
				<div class="elementor-element elementor-element-3b7d1d7 elementor-widget elementor-widget-text-editor" data-id="3b7d1d7" data-element_type="widget" data-widget_type="text-editor.default">
				<div class="elementor-widget-container">
							<p><strong>Unsere MitarbeiterInnen</strong></p><h6>Berit Haas                      <span style="color: #2b6bd4"><em>Geschäftsführerin</em></span></h6><h6><span style="font-size: 1rem;text-align: var(--text-align);background-color: var( --e-global-color-d99024c )">Helmut Haas                                  </span><em><span style="color: #2b6bd4">stellvertretender Vorsitzender</span><span style="font-size: 1rem;text-align: var(--text-align);background-color: var( --e-global-color-d99024c )"> </span></em></h6><h6><span style="font-size: 1rem;text-align: var(--text-align);background-color: var( --e-global-color-d99024c )">Anni Barth               <span style="color: #2b6bd4"><em>                </em></span></span><span style="color: #2b6bd4"><em><span style="font-size: 1rem;text-align: var(--text-align);background-color: var( --e-global-color-d99024c )">Sozialarbeiterin </span></em></span></h6><h6>Elke YuanMann                          <span style="color: #2b6bd4"><em>Fachkraft</em></span></h6><h6>Katja Heck         <span style="color: #2b6bd4"><em> Verwaltungsangestellte</em></span></h6><h6>Sarah Haas            <em><span style="color: #2b6bd4">Verwaltungsangestellte</span></em></h6><h6>Praphakorn Lippert                  <span style="color: #2b6bd4"><em>Fachkraft</em></span></h6>						</div>
				</div>
				</div>
		<div class="elementor-element elementor-element-f4db8d1 e-con-full e-flex e-con e-child" data-id="f4db8d1" data-element_type="container">
				<div class="elementor-element elementor-element-8fd016b elementor-widget elementor-widget-image" data-id="8fd016b" data-element_type="widget" data-widget_type="image.default">
				<div class="elementor-widget-container">
			<style>/*! elementor - v3.20.0 - 20-03-2024 */
.elementor-widget-image{text-align:center}.elementor-widget-image a{display:inline-block}.elementor-widget-image a img[src$=".svg"]{width:48px}.elementor-widget-image img{vertical-align:middle;display:inline-block}</style>										<img fetchpriority="high" decoding="async" width="800" height="365" src="https://www.ekb-pcb.de/wp-content/uploads/2024/10/team-foto-neu-1024x467.jpg" class="attachment-large size-large wp-image-3064" alt="" srcset="https://www.ekb-pcb.de/wp-content/uploads/2024/10/team-foto-neu-1024x467.jpg 1024w, https://www.ekb-pcb.de/wp-content/uploads/2024/10/team-foto-neu-300x137.jpg 300w, https://www.ekb-pcb.de/wp-content/uploads/2024/10/team-foto-neu-768x350.jpg 768w, https://www.ekb-pcb.de/wp-content/uploads/2024/10/team-foto-neu-1536x700.jpg 1536w, https://www.ekb-pcb.de/wp-content/uploads/2024/10/team-foto-neu-2048x934.jpg 2048w, https://www.ekb-pcb.de/wp-content/uploads/2024/10/team-foto-neu-18x8.jpg 18w" sizes="(max-width: 800px) 100vw, 800px" />													</div>
				</div>
				</div>
					</div>
				</div>
				</div>

<p>Unser Team Der Verein Eltern-Kind-Brücke e.V. wurde von Adoptivfamilien gegründet, die bereits seit Jahren aktive Mitglieder im Adoptiv- und Pflegefamilienverein Heidelberg und Rhein-Neckar-Kreis waren. Bis auf eine Ausnahme hatten alle Mitglieder selbst aus dem Ausland adoptiert und verfügen somit über langjährige eigene Adoptions- und Auslandserfahrungen. Ein großer Vorteil besteht darin, dass einige unserer Mitarbeiterinnen die [&hellip;]</p>
