{"id":2156,"date":"2024-01-14T16:37:48","date_gmt":"2024-01-14T15:37:48","guid":{"rendered":"https:\/\/www.ekb-pcb.de\/?page_id=2156"},"modified":"2026-03-04T17:41:56","modified_gmt":"2026-03-04T16:41:56","slug":"termine","status":"publish","type":"page","link":"https:\/\/www.ekb-pcb.de\/en\/termine\/","title":{"rendered":"Schedule"},"content":{"rendered":"<div data-elementor-type=\"wp-page\" data-elementor-id=\"2156\" class=\"elementor elementor-2156\" data-elementor-post-type=\"page\">\n\t\t\t\t<div class=\"elementor-element elementor-element-6c3a1384 e-con-full e-flex e-con e-parent\" data-id=\"6c3a1384\" data-element_type=\"container\" data-core-v316-plus=\"true\">\n\t\t\t\t<div class=\"elementor-element elementor-element-2aad8e9 elementor-widget elementor-widget-text-editor\" data-id=\"2aad8e9\" data-element_type=\"widget\" data-widget_type=\"text-editor.default\">\n\t\t\t\t<div class=\"elementor-widget-container\">\n\t\t\t<style>\/*! elementor - v3.20.0 - 20-03-2024 *\/\n.elementor-widget-text-editor.elementor-drop-cap-view-stacked .elementor-drop-cap{background-color:#69727d;color:#fff}.elementor-widget-text-editor.elementor-drop-cap-view-framed .elementor-drop-cap{color:#69727d;border:3px solid;background-color:transparent}.elementor-widget-text-editor:not(.elementor-drop-cap-view-default) .elementor-drop-cap{margin-top:8px}.elementor-widget-text-editor:not(.elementor-drop-cap-view-default) .elementor-drop-cap-letter{width:1em;height:1em}.elementor-widget-text-editor .elementor-drop-cap{float:left;text-align:center;line-height:1;font-size:50px}.elementor-widget-text-editor .elementor-drop-cap-letter{display:inline-block}<\/style>\t\t\t\t<h2>Schedule<\/h2>\t\t\t\t\t\t<\/div>\n\t\t\t\t<\/div>\n\t\t\t\t<div class=\"elementor-element elementor-element-276db0c2 elementor-widget elementor-widget-text-editor\" data-id=\"276db0c2\" data-element_type=\"widget\" data-widget_type=\"text-editor.default\">\n\t\t\t\t<div class=\"elementor-widget-container\">\n\t\t\t\t\t\t\t<h3><strong>2026<\/strong><\/h3><p>On <strong>\u00a022.<\/strong> and <strong>23<\/strong><strong>. Juni 2026 <\/strong>as well as on <strong>02<\/strong><strong>.<\/strong> and <strong>0<\/strong><strong>3. Juli 2026<\/strong> a <a href=\"https:\/\/www.ekb-pcb.de\/en\/vorbereitungsseminare\/\"><span style=\"text-decoration: underline\"><span style=\"color: #0000ff;text-decoration: underline\">Preparation Seminar for Adoptive and Foster Families, as well as Educational Professionals<\/span><\/span><\/a> will be held. The training programme comprises four modules, each of which consists of two seminar blocks. The programme is tailored to the educational requirements of our partner countries.<\/p><p>Our seminars are very closely related to practical everyday life with children. On the one hand, the content deals specifically with the effects of life crises in early childhood and, on the other hand, shows various practical solutions.<\/p><p>If you're interested, please don't hesitate to call us.<\/p><h3><strong>2025<\/strong><\/h3><p><strong>Oktober<\/strong><\/p><p>We are delighted to invite you to our family meeting this summer. <strong>It will be take place on Saturday, 18 October 2025<\/strong>\u00a0at the Fr\u00f6belschule in Heidelberg-Wieblingen. Registrations can already be made by e-mail.<\/p><p><strong>August<\/strong><\/p><p>We are very pleased that Khun Sabine and Khun Bernard \u2013 the two German volunteers from the Pattaya Orphanage \u2013 have announced their visit to us in Eppelheim. They will be arriving on <strong><u>Saturday, 2 August 2025, between 10:00 and 14:00<\/u><\/strong> .<\/p><p>All Pattaya families and applicants are warmly invited to attend.<\/p><p>If you are interested, please contact us by e-mail or telephone.<\/p><p><strong>Januar:\u00a0<\/strong><\/p><p>On 18 January 2025, there will be <a href=\"https:\/\/www.ekb-pcb.de\/en\/jugendgespraechskreis\/\" target=\"_blank\" rel=\"noopener\"><span style=\"text-decoration: underline\"><span style=\"color: #0000ff;text-decoration: underline\">A discussion group for teenagers <\/span><\/span><\/a>aged 14 and above. If you are interested, please contact us by e-mail or telephone.\u00a0\u00a0<\/p><h3><strong>2024<\/strong><\/h3><p><strong>November:<\/strong><\/p><p>On <strong>2<\/strong><strong>3.11.2024<\/strong> there will be <a href=\"https:\/\/www.ekb-pcb.de\/en\/jugendgespraechskreis\/\" target=\"_blank\" rel=\"noopener\"><span style=\"text-decoration: underline\"><span style=\"color: #0000ff;text-decoration: underline\">A discussion group for teenagers <\/span><\/span><\/a>between the ages of 10 and 14. If you are interested, please contact us by e-mail or telephone.\u00a0\u00a0<\/p><p>For children aged 5 - 8, we offer the following programme on Saturday <strong>16. 11. 2024<u>,<\/u><\/strong> a beginners group on <a href=\"https:\/\/www.ekb-pcb.de\/en\/biografiearbeit\/\"><span style=\"text-decoration: underline\"><span style=\"color: #0000ff;text-decoration: underline\">Biography work.<\/span><\/span><\/a> A total of two groups are planned, either in the morning or in the afternoon, depending on how the groups are organised, <em>for<\/em> 3 hours each. For the parents, <strong>a supervision group<\/strong>\u00a0 will take place at the same time as your child's biographical <a href=\"https:\/\/www.ekb-pcb.de\/en\/supervisionsangebot\/\"><span style=\"text-decoration: underline\"><span style=\"color: #0000ff;text-decoration: underline\">work<\/span><\/span><\/a> .<\/p><p>Our events are open to all adoptive families, even if their adoption was not through our organisation, and take place in a safe space.\u00a0<\/p><p>Registration by e-mail is now available.<\/p><p>On <strong>\u00a012.<\/strong> and <strong>13. November 2024 <\/strong>as well as on <strong>12.<\/strong> and <u><\/u><strong>13. Dezember 2024<\/strong> a <a href=\"https:\/\/www.ekb-pcb.de\/en\/vorbereitungsseminare\/\"><span style=\"text-decoration: underline\"><span style=\"color: #0000ff;text-decoration: underline\">Preparation Seminar for Adoptive and Foster Families, as well as Educational Professionals<\/span><\/span><\/a> will be held. The training programme comprises four modules, each of which consists of two seminar blocks. The programme is tailored to the educational requirements of our partner countries.<\/p><p>Our seminars are very closely related to practical everyday life with children. On the one hand, the content deals specifically with the effects of life crises in early childhood and, on the other hand, shows various practical solutions.<\/p><p>If you're interested, please don't hesitate to call us.<\/p><p><strong>Juni<\/strong><\/p><p>We are delighted to be able to invite you to another family reunion this summer. This will take place on\u00a0<strong>Saturday, 29 June 2024<\/strong> at the Fr\u00f6belschule in Heidelberg-Wieblingen. Registrations can already be made by e-mail.<\/p><p><strong>April:<\/strong><br \/>For children aged 6-13 years, we are offering further <span style=\"text-decoration: underline;color: #0000ff\"><a style=\"color: #0000ff;text-decoration: underline\" href=\"https:\/\/www.ekb-pcb.de\/en\/biografiearbeit\/\" target=\"_blank\" rel=\"noopener\">biography work<\/a><\/span> on Saturday, 13 April 2024 from 10 am to 1 pm and 2 pm to 5 pm. <a href=\"https:\/\/www.ekb-pcb.de\/en\/supervisionsangebot\/\" target=\"_blank\" rel=\"noopener\"><span style=\"text-decoration: underline;color: #0000ff\">work <\/span><\/a>is organised for parents at the same time as their child's biography work. Please let us know as soon as possible if you would like to register yourself and\/or your child.<\/p><p>on 27 April 2024 <a href=\"https:\/\/www.ekb-pcb.de\/en\/jugendgespraechskreis\/\" target=\"_blank\" rel=\"noopener\"><span style=\"text-decoration: underline\"><span style=\"color: #0000ff;text-decoration: underline\">A discussion group for teenagers and young adults<\/span><\/span><\/a> aged 15 to 20 will take place. If you are interested, please contact us by e-mail or telephone.\u00a0\u00a0<\/p>\t\t\t\t\t\t<\/div>\n\t\t\t\t<\/div>\n\t\t\t\t<\/div>\n\t\t\t\t<\/div>","protected":false},"excerpt":{"rendered":"<p>Termine 2026 Am \u00a022. und 23. Juni 2026 sowie am 02. und 03. Juli 2026 findet ein Schulungs- und Vorbereitungsseminar f\u00fcr Adoptiv- und Pflege- Familien und p\u00e4dagogische Fachkr\u00e4fte statt. Das Schulungsprogramm ist in 4 Modulen gegliedert, die in je zwei Seminarbl\u00f6cken zusammen gefasst und auf die Bildungsvorgaben unserer Kooperationsl\u00e4nder abgestimmt sind. Unsere Seminare haben einen [&hellip;]<\/p>","protected":false},"author":1,"featured_media":0,"parent":0,"menu_order":0,"comment_status":"closed","ping_status":"closed","template":"","meta":{"footnotes":""},"class_list":["post-2156","page","type-page","status-publish","hentry"],"_links":{"self":[{"href":"https:\/\/www.ekb-pcb.de\/en\/wp-json\/wp\/v2\/pages\/2156","targetHints":{"allow":["GET"]}}],"collection":[{"href":"https:\/\/www.ekb-pcb.de\/en\/wp-json\/wp\/v2\/pages"}],"about":[{"href":"https:\/\/www.ekb-pcb.de\/en\/wp-json\/wp\/v2\/types\/page"}],"author":[{"embeddable":true,"href":"https:\/\/www.ekb-pcb.de\/en\/wp-json\/wp\/v2\/users\/1"}],"replies":[{"embeddable":true,"href":"https:\/\/www.ekb-pcb.de\/en\/wp-json\/wp\/v2\/comments?post=2156"}],"version-history":[{"count":127,"href":"https:\/\/www.ekb-pcb.de\/en\/wp-json\/wp\/v2\/pages\/2156\/revisions"}],"predecessor-version":[{"id":3679,"href":"https:\/\/www.ekb-pcb.de\/en\/wp-json\/wp\/v2\/pages\/2156\/revisions\/3679"}],"wp:attachment":[{"href":"https:\/\/www.ekb-pcb.de\/en\/wp-json\/wp\/v2\/media?parent=2156"}],"curies":[{"name":"wp","href":"https:\/\/api.w.org\/{rel}","templated":true}]}}

<div data-elementor-type="wp-page" data-elementor-id="2156" class="elementor elementor-2156" data-elementor-post-type="page">
				<div class="elementor-element elementor-element-6c3a1384 e-con-full e-flex e-con e-parent" data-id="6c3a1384" data-element_type="container" data-core-v316-plus="true">
				<div class="elementor-element elementor-element-2aad8e9 elementor-widget elementor-widget-text-editor" data-id="2aad8e9" data-element_type="widget" data-widget_type="text-editor.default">
				<div class="elementor-widget-container">
			<style>/*! elementor - v3.20.0 - 20-03-2024 */
.elementor-widget-text-editor.elementor-drop-cap-view-stacked .elementor-drop-cap{background-color:#69727d;color:#fff}.elementor-widget-text-editor.elementor-drop-cap-view-framed .elementor-drop-cap{color:#69727d;border:3px solid;background-color:transparent}.elementor-widget-text-editor:not(.elementor-drop-cap-view-default) .elementor-drop-cap{margin-top:8px}.elementor-widget-text-editor:not(.elementor-drop-cap-view-default) .elementor-drop-cap-letter{width:1em;height:1em}.elementor-widget-text-editor .elementor-drop-cap{float:left;text-align:center;line-height:1;font-size:50px}.elementor-widget-text-editor .elementor-drop-cap-letter{display:inline-block}</style>				<h2>Schedule</h2>						</div>
				</div>
				<div class="elementor-element elementor-element-276db0c2 elementor-widget elementor-widget-text-editor" data-id="276db0c2" data-element_type="widget" data-widget_type="text-editor.default">
				<div class="elementor-widget-container">
							<h3><strong>2026</strong></h3><p>On <strong> 22.</strong> and <strong>23</strong><strong>. Juni 2026 </strong>as well as on <strong>02</strong><strong>.</strong> and <strong>0</strong><strong>3. Juli 2026</strong> a <a href="https://www.ekb-pcb.de/en/vorbereitungsseminare/"><span style="text-decoration: underline"><span style="color: #0000ff;text-decoration: underline">Preparation Seminar for Adoptive and Foster Families, as well as Educational Professionals</span></span></a> will be held. The training programme comprises four modules, each of which consists of two seminar blocks. The programme is tailored to the educational requirements of our partner countries.</p><p>Our seminars are very closely related to practical everyday life with children. On the one hand, the content deals specifically with the effects of life crises in early childhood and, on the other hand, shows various practical solutions.</p><p>If you're interested, please don't hesitate to call us.</p><h3><strong>2025</strong></h3><p><strong>Oktober</strong></p><p>We are delighted to invite you to our family meeting this summer. <strong>It will be take place on Saturday, 18 October 2025</strong> at the Fröbelschule in Heidelberg-Wieblingen. Registrations can already be made by e-mail.</p><p><strong>August</strong></p><p>We are very pleased that Khun Sabine and Khun Bernard – the two German volunteers from the Pattaya Orphanage – have announced their visit to us in Eppelheim. They will be arriving on <strong><u>Saturday, 2 August 2025, between 10:00 and 14:00</u></strong> .</p><p>All Pattaya families and applicants are warmly invited to attend.</p><p>If you are interested, please contact us by e-mail or telephone.</p><p><strong>Januar: </strong></p><p>On 18 January 2025, there will be <a href="https://www.ekb-pcb.de/en/jugendgespraechskreis/" target="_blank" rel="noopener"><span style="text-decoration: underline"><span style="color: #0000ff;text-decoration: underline">A discussion group for teenagers </span></span></a>aged 14 and above. If you are interested, please contact us by e-mail or telephone.  </p><h3><strong>2024</strong></h3><p><strong>November:</strong></p><p>On <strong>2</strong><strong>3.11.2024</strong> there will be <a href="https://www.ekb-pcb.de/en/jugendgespraechskreis/" target="_blank" rel="noopener"><span style="text-decoration: underline"><span style="color: #0000ff;text-decoration: underline">A discussion group for teenagers </span></span></a>between the ages of 10 and 14. If you are interested, please contact us by e-mail or telephone.  </p><p>For children aged 5 - 8, we offer the following programme on Saturday <strong>16. 11. 2024<u>,</u></strong> a beginners group on <a href="https://www.ekb-pcb.de/en/biografiearbeit/"><span style="text-decoration: underline"><span style="color: #0000ff;text-decoration: underline">Biography work.</span></span></a> A total of two groups are planned, either in the morning or in the afternoon, depending on how the groups are organised, <em>for</em> 3 hours each. For the parents, <strong>a supervision group</strong>  will take place at the same time as your child's biographical <a href="https://www.ekb-pcb.de/en/supervisionsangebot/"><span style="text-decoration: underline"><span style="color: #0000ff;text-decoration: underline">work</span></span></a> .</p><p>Our events are open to all adoptive families, even if their adoption was not through our organisation, and take place in a safe space. </p><p>Registration by e-mail is now available.</p><p>On <strong> 12.</strong> and <strong>13. November 2024 </strong>as well as on <strong>12.</strong> and <u></u><strong>13. Dezember 2024</strong> a <a href="https://www.ekb-pcb.de/en/vorbereitungsseminare/"><span style="text-decoration: underline"><span style="color: #0000ff;text-decoration: underline">Preparation Seminar for Adoptive and Foster Families, as well as Educational Professionals</span></span></a> will be held. The training programme comprises four modules, each of which consists of two seminar blocks. The programme is tailored to the educational requirements of our partner countries.</p><p>Our seminars are very closely related to practical everyday life with children. On the one hand, the content deals specifically with the effects of life crises in early childhood and, on the other hand, shows various practical solutions.</p><p>If you're interested, please don't hesitate to call us.</p><p><strong>Juni</strong></p><p>We are delighted to be able to invite you to another family reunion this summer. This will take place on <strong>Saturday, 29 June 2024</strong> at the Fröbelschule in Heidelberg-Wieblingen. Registrations can already be made by e-mail.</p><p><strong>April:</strong><br />For children aged 6-13 years, we are offering further <span style="text-decoration: underline;color: #0000ff"><a style="color: #0000ff;text-decoration: underline" href="https://www.ekb-pcb.de/en/biografiearbeit/" target="_blank" rel="noopener">biography work</a></span> on Saturday, 13 April 2024 from 10 am to 1 pm and 2 pm to 5 pm. <a href="https://www.ekb-pcb.de/en/supervisionsangebot/" target="_blank" rel="noopener"><span style="text-decoration: underline;color: #0000ff">work </span></a>is organised for parents at the same time as their child's biography work. Please let us know as soon as possible if you would like to register yourself and/or your child.</p><p>on 27 April 2024 <a href="https://www.ekb-pcb.de/en/jugendgespraechskreis/" target="_blank" rel="noopener"><span style="text-decoration: underline"><span style="color: #0000ff;text-decoration: underline">A discussion group for teenagers and young adults</span></span></a> aged 15 to 20 will take place. If you are interested, please contact us by e-mail or telephone.  </p>						</div>
				</div>
				</div>
				</div>

<p>Termine 2026 Am  22. und 23. Juni 2026 sowie am 02. und 03. Juli 2026 findet ein Schulungs- und Vorbereitungsseminar für Adoptiv- und Pflege- Familien und pädagogische Fachkräfte statt. Das Schulungsprogramm ist in 4 Modulen gegliedert, die in je zwei Seminarblöcken zusammen gefasst und auf die Bildungsvorgaben unserer Kooperationsländer abgestimmt sind. Unsere Seminare haben einen [&hellip;]</p>
